{"id":1651,"date":"2019-12-14T21:33:49","date_gmt":"2019-12-14T19:33:49","guid":{"rendered":"https:\/\/profi-vnfil.eu\/about\/"},"modified":"2019-12-14T21:36:37","modified_gmt":"2019-12-14T19:36:37","slug":"di-cosa-si-tratta","status":"publish","type":"page","link":"https:\/\/profi-vnfil.eu\/it\/di-cosa-si-tratta\/","title":{"rendered":"Di cosa si tratta"},"content":{"rendered":"<p>[vc_row css=&#8221;.vc_custom_1576325576208{padding-right: 5% !important;padding-left: 5% !important;}&#8221;][vc_column][vc_column_text]<\/p>\n<h3 data-fontsize=\"25\" data-lineheight=\"37\">Descrizione del progetto<\/h3>\n<p><img loading=\"lazy\" class=\"alignleft wp-image-1372 size-medium\" src=\"https:\/\/profi-vnfil.eu\/wp-content\/uploads\/2019\/12\/vnfil-home-5-white-fade-300x224.jpg\" alt=\"\" width=\"300\" height=\"224\" srcset=\"https:\/\/profi-vnfil.eu\/wp-content\/uploads\/2019\/12\/vnfil-home-5-white-fade-300x224.jpg 300w, https:\/\/profi-vnfil.eu\/wp-content\/uploads\/2019\/12\/vnfil-home-5-white-fade-1024x766.jpg 1024w, https:\/\/profi-vnfil.eu\/wp-content\/uploads\/2019\/12\/vnfil-home-5-white-fade-768x574.jpg 768w, https:\/\/profi-vnfil.eu\/wp-content\/uploads\/2019\/12\/vnfil-home-5-white-fade-1536x1149.jpg 1536w, https:\/\/profi-vnfil.eu\/wp-content\/uploads\/2019\/12\/vnfil-home-5-white-fade.jpg 2000w\" sizes=\"(max-width: 300px) 100vw, 300px\" \/>L\u2019importanza per l\u2019Europa di disporre di cittadini\/e qualificati\/e e competenti va oltre l\u2019istruzione formale, comprendendo anche gli apprendimenti acquisiti in modo non formale o informale. Una adeguata convalida delle competenze cos\u00ec acquisite (attraverso identificazione, documentazione, valutazione e certificazione) \u00e8 in grado di meglio supportare le persone nell\u2018aggiungere valore al mercato del lavoro.<br \/>\nLa raccomandazione sulla validazione del Consiglio d\u2018Europa del 2012 incoraggiava gli Stati membri a mettere in atto disposizioni nazionali per la convalida degli apprendimenti entro il 2018. Tali disposizioni consentono alle persone di aumentare la visibilit\u00e0 e il valore delle loro conoscenze, abilit\u00e0 e competenze acquisite al di fuori dell\u2019istruzione e formazione formale: nel lavoro, a casa o in attivit\u00e0 di volontariato.<br \/>\nIl processo di validazione delle competenze sta muovendo i primi passi in Europa, quindi i prodotti che i partner intendono sviluppare rispondono alle priorit\u00e0 dell\u2019agenda UE e sono progettati a partire dai reali bisogni dei partner provenienti da Lituania, Italia, Portogallo e Grecia.<br \/>\nFinora, infatti, i paesi coinvolti nel progetto hanno sviluppato diversi approcci e disposizioni per la validazione dell\u2019apprendimento non formale e informale, ma vi \u00e8 consenso intorno all\u2019idea che sia necessario professionalizzare e formalizzare i processi.[\/vc_column_text][vc_empty_space height=&#8221;50px&#8221;][vc_column_text]<\/p>\n<h3>Tutti i partner del progetto PROFI-VNFIL hanno concordato che:<\/h3>\n<blockquote><p>C\u2019\u00e8 urgente bisogno di sviluppare un modello di autovalutazione per i candidati online, con l\u2019obiettivo di mettere a punto un e-portfolio. Il\/la candidato\/a potr\u00e0 utilizzare il suo portfolio per dimostrare di avere le competenze richieste per accedere al processo di convalida.<\/p><\/blockquote>\n<blockquote><p>Inoltre, vi \u00e8 anche una forte necessit\u00e0 di promuovere la validazione presso la societ\u00e0 e i decisori politici. La validazione degli apprendimenti non-formali ed informali non \u00e8 semplicemente una valutazione: \u00e8 un importante processo che catalizza gli interessi dei diversi attori dell\u2019istruzione e della formazione. Tuttavia, senza una strategia e una politica di validazione efficaci, il sistema non pu\u00f2 garantire altrettanto efficaci risultati. Cittadini\/e, professionisti\/e dell\u2018istruzione e formazione, datori\/datrici di lavoro e altri soggetti debbono pertanto essere ben informati\/e e poter avere fiducia nell\u2019intero sistema di validazione.<\/p><\/blockquote>\n<blockquote><p>La formazione \u00e8 essenziale per tutte le professionalit\u00e0 coinvolte nella validazione degli apprendimenti non-formali ed informali, per le quali dovrebbero essere creati programmi di formazione specifici. In tutti i paesi partner, il tempo che educatori\/trici dedicano alla propria formazione \u00e8 limitato a pochi giorni l\u2019anno e si realizza principalmente attraverso un approccio frontale \u201eone shot\u201c. Questo non facilita efficaci risposte alle novit\u00e0 e trasformazioni in atto in ambito di validazione degli apprendimenti non-formali ed informali. Gli\/le insegnanti hanno bisogno di una formazione adeguata su come eseguire la valutazione, all\u2018interno del processo di validazione.<\/p><\/blockquote>\n<p>[\/vc_column_text][vc_empty_space height=&#8221;50px&#8221;][vc_column_text]Con l\u2019obiettivo di garantire la professionalizzazione e il buon funzionamento dei sistemi di validazione, i partner del progetto hanno fissato i seguenti obiettivi per questo progetto:<\/p>\n<h4>Sviluppo di uno strumento digitale di autovalutazione e autoanalisi (e-portfolio) per i\/le candidati\/e alla validazione;<\/h4>\n<hr \/>\n<h4>Professionalizzazione del processo di validazione dell\u2018apprendimento non formale e informale, attraverso un programma di formazione per le professionalit\u00e0 coinvolte;<\/h4>\n<hr \/>\n<h4>Promozione, anche a livello sociale, del processo di validazione e definizione di adeguati Documenti strategici nazionali.<\/h4>\n<p>[\/vc_column_text][\/vc_column][\/vc_row]<\/p>\n","protected":false},"excerpt":{"rendered":"<p>[vc_row css=&#8221;.vc_custom_1576325576208{padding-right: 5% !important;padding-left: 5% !important;}&#8221;][vc_column][vc_column_text] Descrizione del progetto L\u2019importanza per l\u2019Europa di disporre di cittadini\/e qualificati\/e e competenti va oltre l\u2019istruzione formale, comprendendo anche gli apprendimenti acquisiti in modo<\/p>\n","protected":false},"author":1,"featured_media":2032,"parent":0,"menu_order":0,"comment_status":"closed","ping_status":"closed","template":"","meta":[],"yoast_head":"<!-- This site is optimized with the Yoast SEO plugin v20.0 - https:\/\/yoast.com\/wordpress\/plugins\/seo\/ -->\n<title>Di cosa si tratta | VNFIL<\/title>\n<meta name=\"robots\" content=\"index, follow, max-snippet:-1, max-image-preview:large, max-video-preview:-1\" \/>\n<link rel=\"canonical\" href=\"https:\/\/profi-vnfil.eu\/it\/di-cosa-si-tratta\/\" \/>\n<meta property=\"og:locale\" content=\"it_IT\" \/>\n<meta property=\"og:type\" content=\"article\" \/>\n<meta property=\"og:title\" content=\"Di cosa si tratta | VNFIL\" \/>\n<meta property=\"og:description\" content=\"[vc_row css=&#8221;.vc_custom_1576325576208{padding-right: 5% !important;padding-left: 5% !important;}&#8221;][vc_column][vc_column_text] Descrizione del progetto L\u2019importanza per l\u2019Europa di disporre di cittadini\/e qualificati\/e e competenti va oltre l\u2019istruzione formale, comprendendo anche gli apprendimenti acquisiti in modo\" \/>\n<meta property=\"og:url\" content=\"https:\/\/profi-vnfil.eu\/it\/di-cosa-si-tratta\/\" \/>\n<meta property=\"og:site_name\" content=\"VNFIL\" \/>\n<meta property=\"article:publisher\" content=\"https:\/\/www.facebook.com\/profivnfil\" \/>\n<meta property=\"article:modified_time\" content=\"2019-12-14T19:36:37+00:00\" \/>\n<meta property=\"og:image\" content=\"https:\/\/profi-vnfil.eu\/wp-content\/uploads\/2020\/01\/featured-image-about.jpg\" \/>\n\t<meta property=\"og:image:width\" content=\"1200\" \/>\n\t<meta property=\"og:image:height\" content=\"630\" \/>\n\t<meta property=\"og:image:type\" content=\"image\/jpeg\" \/>\n<meta name=\"twitter:card\" content=\"summary_large_image\" \/>\n<meta name=\"twitter:label1\" content=\"Tempo di lettura stimato\" \/>\n\t<meta name=\"twitter:data1\" content=\"3 minuti\" \/>\n<script type=\"application\/ld+json\" class=\"yoast-schema-graph\">{\"@context\":\"https:\/\/schema.org\",\"@graph\":[{\"@type\":\"WebPage\",\"@id\":\"https:\/\/profi-vnfil.eu\/it\/di-cosa-si-tratta\/\",\"url\":\"https:\/\/profi-vnfil.eu\/it\/di-cosa-si-tratta\/\",\"name\":\"Di cosa si tratta | VNFIL\",\"isPartOf\":{\"@id\":\"https:\/\/profi-vnfil.eu\/#website\"},\"datePublished\":\"2019-12-14T19:33:49+00:00\",\"dateModified\":\"2019-12-14T19:36:37+00:00\",\"breadcrumb\":{\"@id\":\"https:\/\/profi-vnfil.eu\/it\/di-cosa-si-tratta\/#breadcrumb\"},\"inLanguage\":\"it-IT\",\"potentialAction\":[{\"@type\":\"ReadAction\",\"target\":[\"https:\/\/profi-vnfil.eu\/it\/di-cosa-si-tratta\/\"]}]},{\"@type\":\"BreadcrumbList\",\"@id\":\"https:\/\/profi-vnfil.eu\/it\/di-cosa-si-tratta\/#breadcrumb\",\"itemListElement\":[{\"@type\":\"ListItem\",\"position\":1,\"name\":\"Home\",\"item\":\"https:\/\/profi-vnfil.eu\/it\/home\/\"},{\"@type\":\"ListItem\",\"position\":2,\"name\":\"Di cosa si tratta\"}]},{\"@type\":\"WebSite\",\"@id\":\"https:\/\/profi-vnfil.eu\/#website\",\"url\":\"https:\/\/profi-vnfil.eu\/\",\"name\":\"PROFI VNFIL\",\"description\":\"Validation of Non Formal &amp; Informal Learning\",\"publisher\":{\"@id\":\"https:\/\/profi-vnfil.eu\/#organization\"},\"potentialAction\":[{\"@type\":\"SearchAction\",\"target\":{\"@type\":\"EntryPoint\",\"urlTemplate\":\"https:\/\/profi-vnfil.eu\/?s={search_term_string}\"},\"query-input\":\"required name=search_term_string\"}],\"inLanguage\":\"it-IT\"},{\"@type\":\"Organization\",\"@id\":\"https:\/\/profi-vnfil.eu\/#organization\",\"name\":\"PROFI VNFIL\",\"url\":\"https:\/\/profi-vnfil.eu\/\",\"logo\":{\"@type\":\"ImageObject\",\"inLanguage\":\"it-IT\",\"@id\":\"https:\/\/profi-vnfil.eu\/#\/schema\/logo\/image\/\",\"url\":\"https:\/\/profi-vnfil.eu\/wp-content\/uploads\/2020\/02\/profi-logo-150px.png\",\"contentUrl\":\"https:\/\/profi-vnfil.eu\/wp-content\/uploads\/2020\/02\/profi-logo-150px.png\",\"width\":150,\"height\":150,\"caption\":\"PROFI VNFIL\"},\"image\":{\"@id\":\"https:\/\/profi-vnfil.eu\/#\/schema\/logo\/image\/\"},\"sameAs\":[\"https:\/\/www.facebook.com\/profivnfil\"]}]}<\/script>\n<!-- \/ Yoast SEO plugin. -->","yoast_head_json":{"title":"Di cosa si tratta | VNFIL","robots":{"index":"index","follow":"follow","max-snippet":"max-snippet:-1","max-image-preview":"max-image-preview:large","max-video-preview":"max-video-preview:-1"},"canonical":"https:\/\/profi-vnfil.eu\/it\/di-cosa-si-tratta\/","og_locale":"it_IT","og_type":"article","og_title":"Di cosa si tratta | VNFIL","og_description":"[vc_row css=&#8221;.vc_custom_1576325576208{padding-right: 5% !important;padding-left: 5% !important;}&#8221;][vc_column][vc_column_text] Descrizione del progetto L\u2019importanza per l\u2019Europa di disporre di cittadini\/e qualificati\/e e competenti va oltre l\u2019istruzione formale, comprendendo anche gli apprendimenti acquisiti in modo","og_url":"https:\/\/profi-vnfil.eu\/it\/di-cosa-si-tratta\/","og_site_name":"VNFIL","article_publisher":"https:\/\/www.facebook.com\/profivnfil","article_modified_time":"2019-12-14T19:36:37+00:00","og_image":[{"width":1200,"height":630,"url":"https:\/\/profi-vnfil.eu\/wp-content\/uploads\/2020\/01\/featured-image-about.jpg","type":"image\/jpeg"}],"twitter_card":"summary_large_image","twitter_misc":{"Tempo di lettura stimato":"3 minuti"},"schema":{"@context":"https:\/\/schema.org","@graph":[{"@type":"WebPage","@id":"https:\/\/profi-vnfil.eu\/it\/di-cosa-si-tratta\/","url":"https:\/\/profi-vnfil.eu\/it\/di-cosa-si-tratta\/","name":"Di cosa si tratta | VNFIL","isPartOf":{"@id":"https:\/\/profi-vnfil.eu\/#website"},"datePublished":"2019-12-14T19:33:49+00:00","dateModified":"2019-12-14T19:36:37+00:00","breadcrumb":{"@id":"https:\/\/profi-vnfil.eu\/it\/di-cosa-si-tratta\/#breadcrumb"},"inLanguage":"it-IT","potentialAction":[{"@type":"ReadAction","target":["https:\/\/profi-vnfil.eu\/it\/di-cosa-si-tratta\/"]}]},{"@type":"BreadcrumbList","@id":"https:\/\/profi-vnfil.eu\/it\/di-cosa-si-tratta\/#breadcrumb","itemListElement":[{"@type":"ListItem","position":1,"name":"Home","item":"https:\/\/profi-vnfil.eu\/it\/home\/"},{"@type":"ListItem","position":2,"name":"Di cosa si tratta"}]},{"@type":"WebSite","@id":"https:\/\/profi-vnfil.eu\/#website","url":"https:\/\/profi-vnfil.eu\/","name":"PROFI VNFIL","description":"Validation of Non Formal &amp; Informal Learning","publisher":{"@id":"https:\/\/profi-vnfil.eu\/#organization"},"potentialAction":[{"@type":"SearchAction","target":{"@type":"EntryPoint","urlTemplate":"https:\/\/profi-vnfil.eu\/?s={search_term_string}"},"query-input":"required name=search_term_string"}],"inLanguage":"it-IT"},{"@type":"Organization","@id":"https:\/\/profi-vnfil.eu\/#organization","name":"PROFI VNFIL","url":"https:\/\/profi-vnfil.eu\/","logo":{"@type":"ImageObject","inLanguage":"it-IT","@id":"https:\/\/profi-vnfil.eu\/#\/schema\/logo\/image\/","url":"https:\/\/profi-vnfil.eu\/wp-content\/uploads\/2020\/02\/profi-logo-150px.png","contentUrl":"https:\/\/profi-vnfil.eu\/wp-content\/uploads\/2020\/02\/profi-logo-150px.png","width":150,"height":150,"caption":"PROFI VNFIL"},"image":{"@id":"https:\/\/profi-vnfil.eu\/#\/schema\/logo\/image\/"},"sameAs":["https:\/\/www.facebook.com\/profivnfil"]}]}},"_links":{"self":[{"href":"https:\/\/profi-vnfil.eu\/it\/wp-json\/wp\/v2\/pages\/1651"}],"collection":[{"href":"https:\/\/profi-vnfil.eu\/it\/wp-json\/wp\/v2\/pages"}],"about":[{"href":"https:\/\/profi-vnfil.eu\/it\/wp-json\/wp\/v2\/types\/page"}],"author":[{"embeddable":true,"href":"https:\/\/profi-vnfil.eu\/it\/wp-json\/wp\/v2\/users\/1"}],"replies":[{"embeddable":true,"href":"https:\/\/profi-vnfil.eu\/it\/wp-json\/wp\/v2\/comments?post=1651"}],"version-history":[{"count":0,"href":"https:\/\/profi-vnfil.eu\/it\/wp-json\/wp\/v2\/pages\/1651\/revisions"}],"wp:featuredmedia":[{"embeddable":true,"href":"https:\/\/profi-vnfil.eu\/it\/wp-json\/wp\/v2\/media\/2032"}],"wp:attachment":[{"href":"https:\/\/profi-vnfil.eu\/it\/wp-json\/wp\/v2\/media?parent=1651"}],"curies":[{"name":"wp","href":"https:\/\/api.w.org\/{rel}","templated":true}]}}

<p>[vc_row css=&#8221;.vc_custom_1576325576208{padding-right: 5% !important;padding-left: 5% !important;}&#8221;][vc_column][vc_column_text]</p>
<h3 data-fontsize="25" data-lineheight="37">Descrizione del progetto</h3>
<p><img loading="lazy" class="alignleft wp-image-1372 size-medium" src="https://profi-vnfil.eu/wp-content/uploads/2019/12/vnfil-home-5-white-fade-300x224.jpg" alt="" width="300" height="224" srcset="https://profi-vnfil.eu/wp-content/uploads/2019/12/vnfil-home-5-white-fade-300x224.jpg 300w, https://profi-vnfil.eu/wp-content/uploads/2019/12/vnfil-home-5-white-fade-1024x766.jpg 1024w, https://profi-vnfil.eu/wp-content/uploads/2019/12/vnfil-home-5-white-fade-768x574.jpg 768w, https://profi-vnfil.eu/wp-content/uploads/2019/12/vnfil-home-5-white-fade-1536x1149.jpg 1536w, https://profi-vnfil.eu/wp-content/uploads/2019/12/vnfil-home-5-white-fade.jpg 2000w" sizes="(max-width: 300px) 100vw, 300px" />L’importanza per l’Europa di disporre di cittadini/e qualificati/e e competenti va oltre l’istruzione formale, comprendendo anche gli apprendimenti acquisiti in modo non formale o informale. Una adeguata convalida delle competenze così acquisite (attraverso identificazione, documentazione, valutazione e certificazione) è in grado di meglio supportare le persone nell‘aggiungere valore al mercato del lavoro.<br />
La raccomandazione sulla validazione del Consiglio d‘Europa del 2012 incoraggiava gli Stati membri a mettere in atto disposizioni nazionali per la convalida degli apprendimenti entro il 2018. Tali disposizioni consentono alle persone di aumentare la visibilità e il valore delle loro conoscenze, abilità e competenze acquisite al di fuori dell’istruzione e formazione formale: nel lavoro, a casa o in attività di volontariato.<br />
Il processo di validazione delle competenze sta muovendo i primi passi in Europa, quindi i prodotti che i partner intendono sviluppare rispondono alle priorità dell’agenda UE e sono progettati a partire dai reali bisogni dei partner provenienti da Lituania, Italia, Portogallo e Grecia.<br />
Finora, infatti, i paesi coinvolti nel progetto hanno sviluppato diversi approcci e disposizioni per la validazione dell’apprendimento non formale e informale, ma vi è consenso intorno all’idea che sia necessario professionalizzare e formalizzare i processi.[/vc_column_text][vc_empty_space height=&#8221;50px&#8221;][vc_column_text]</p>
<h3>Tutti i partner del progetto PROFI-VNFIL hanno concordato che:</h3>
<blockquote><p>C’è urgente bisogno di sviluppare un modello di autovalutazione per i candidati online, con l’obiettivo di mettere a punto un e-portfolio. Il/la candidato/a potrà utilizzare il suo portfolio per dimostrare di avere le competenze richieste per accedere al processo di convalida.</p></blockquote>
<blockquote><p>Inoltre, vi è anche una forte necessità di promuovere la validazione presso la società e i decisori politici. La validazione degli apprendimenti non-formali ed informali non è semplicemente una valutazione: è un importante processo che catalizza gli interessi dei diversi attori dell’istruzione e della formazione. Tuttavia, senza una strategia e una politica di validazione efficaci, il sistema non può garantire altrettanto efficaci risultati. Cittadini/e, professionisti/e dell‘istruzione e formazione, datori/datrici di lavoro e altri soggetti debbono pertanto essere ben informati/e e poter avere fiducia nell’intero sistema di validazione.</p></blockquote>
<blockquote><p>La formazione è essenziale per tutte le professionalità coinvolte nella validazione degli apprendimenti non-formali ed informali, per le quali dovrebbero essere creati programmi di formazione specifici. In tutti i paesi partner, il tempo che educatori/trici dedicano alla propria formazione è limitato a pochi giorni l’anno e si realizza principalmente attraverso un approccio frontale „one shot“. Questo non facilita efficaci risposte alle novità e trasformazioni in atto in ambito di validazione degli apprendimenti non-formali ed informali. Gli/le insegnanti hanno bisogno di una formazione adeguata su come eseguire la valutazione, all‘interno del processo di validazione.</p></blockquote>
<p>[/vc_column_text][vc_empty_space height=&#8221;50px&#8221;][vc_column_text]Con l’obiettivo di garantire la professionalizzazione e il buon funzionamento dei sistemi di validazione, i partner del progetto hanno fissato i seguenti obiettivi per questo progetto:</p>
<h4>Sviluppo di uno strumento digitale di autovalutazione e autoanalisi (e-portfolio) per i/le candidati/e alla validazione;</h4>
<hr />
<h4>Professionalizzazione del processo di validazione dell‘apprendimento non formale e informale, attraverso un programma di formazione per le professionalità coinvolte;</h4>
<hr />
<h4>Promozione, anche a livello sociale, del processo di validazione e definizione di adeguati Documenti strategici nazionali.</h4>
<p>[/vc_column_text][/vc_column][/vc_row]</p>
